7
What is the greatest common factor of 2488 and 2079346?
622
Calculate the highest common factor of 1840 and 15440.
80
Calculate the highest common divisor of 3580145 and 134.
67
What is the greatest common factor of 98381 and 1048?
131
What is the greatest common factor of 1480 and 77848?
296
What is the highest common factor of 103840 and 11220?
220
What is the greatest common divisor of 504 and 315912?
24
Calculate the highest common divisor of 29547 and 252.
63
Calculate the greatest common factor of 954408 and 16606.
874
What is the highest common divisor of 976 and 66307?
61
What is the highest common divisor of 1228321 and 764?
191
What is the greatest common factor of 6594 and 286054?
314
Calculate the greatest common divisor of 2620745 and 5.
5
Calculate the greatest common divisor of 192 and 33328.
16
Calculate the highest common factor of 125587 and 2156.
539
What is the greatest common factor of 1235 and 12160?
95
What is the highest common divisor of 2109045 and 15?
15
Calculate the highest common divisor of 424053 and 127.
127
Calculate the highest common divisor of 14922 and 36.
18
What is the highest common divisor of 45873 and 99?
9
What is the highest common divisor of 8 and 463672?
8
What is the greatest common divisor of 6600 and 16225?
275
Calculate the greatest common factor of 20990 and 640.
10
Calculate the highest common divisor of 41670 and 25.
5
Calculate the highest common divisor of 30736 and 6800.
272
Calculate the greatest common divisor of 2628136 and 142.
142
Calculate the greatest common factor of 4312 and 5831.
49
Calculate the highest common divisor of 12 and 71574.
6
What is the greatest common factor of 2542 and 246?
82
What is the highest common factor of 18342 and 72?
18
What is the greatest common divisor of 6224 and 427122?
778
Calculate the highest common divisor of 164432 and 52.
4
What is the greatest common divisor of 8457 and 75?
3
What is the greatest common divisor of 324 and 16452?
36
Calculate the highest common divisor of 285 and 147307.
19
What is the greatest common divisor of 14063 and 5166?
287
What is the highest common factor of 25140 and 2700?
60
Calculate the highest common factor of 2951 and 9113.
13
Calculate the highest common factor of 49559 and 1.
1
Calculate the highest common divisor of 1388 and 2524078.
694
Calculate the highest common factor of 3117 and 12.
3
Calculate the greatest common divisor of 5880 and 12201.
147
Calculate the highest common divisor of 37296 and 63.
63
What is the highest common divisor of 170 and 1154470?
170
What is the highest common divisor of 280 and 28875?
35
What is the highest common factor of 12024 and 4392?
72
Calculate the highest common divisor of 351 and 289809.
117
What is the greatest common factor of 474246 and 18?
18
Calculate the highest common divisor of 11179890 and 30.
30
What is the highest common factor of 59460 and 120?
60
Calculate the greatest common factor of 20190 and 288.
6
Calculate the highest common divisor of 156 and 23972.
52
What is the highest common divisor of 450 and 4914?
18
Calculate the highest common factor of 420 and 226740.
60
What is the greatest common divisor of 1235140 and 80?
20
What is the greatest common factor of 244 and 216?
4
Calculate the greatest common divisor of 70 and 238735.
35
Calculate the highest common divisor of 35 and 69671.
7
Calculate the greatest common divisor of 130284 and 132.
132
Calculate the greatest common divisor of 1509 and 4.
1
What is the greatest common factor of 216 and 18684?
108
What is the greatest common factor of 961024 and 96?
32
What is the greatest common factor of 34030 and 820?
410
What is the highest common divisor of 79592 and 144?
8
Calculate the greatest common factor of 129 and 6192.
129
What is the greatest common factor of 70 and 46634?
14
Calculate the highest common factor of 50 and 8080.
10
What is the greatest common factor of 18124 and 50432?
788
Calculate the highest common divisor of 18 and 165762.
18
Calculate the greatest common factor of 9756 and 63.
9
What is the highest common factor of 68700 and 1200?
300
What is the highest common divisor of 94741 and 34?
17
Calculate the highest common factor of 616 and 2299528.
616
Calculate the greatest common factor of 38728 and 141.
47
Calculate the highest common factor of 1358 and 1115306.
194
What is the highest common factor of 13856 and 13423?
433
Calculate the highest common divisor of 10 and 126700.
10
Calculate the greatest common factor of 863073 and 153.
153
Calculate the highest common divisor of 60 and 533060.
20
Calculate the greatest common factor of 27804 and 168.
84
Calculate the greatest common factor of 277410 and 210.
210
What is the greatest common divisor of 12 and 7341?
3
What is the highest common divisor of 315 and 13615?
35
Calculate the highest common factor of 583546 and 283.
283
What is the highest common divisor of 4032 and 238?
14
Calculate the greatest common factor of 399449 and 17.
17
Calculate the greatest common factor of 56398 and 3586.
326
What is the greatest common divisor of 383 and 4?
1
What is the highest common factor of 27311 and 713?
31
What is the greatest common divisor of 56 and 4852?
4
What is the greatest common factor of 3636 and 96?
12
What is the highest common divisor of 884 and 887276?
52
What is the greatest common divisor of 3626 and 308987?
259
What is the highest common factor of 700 and 3?
1
Calculate the highest common divisor of 8631 and 133.
7
What is the greatest common factor of 2383714 and 62?
62
What is the greatest common factor of 1317 and 1107?
3
What is the greatest common factor of 3480 and 627?
3
Calculate the highest common factor of 2870 and 910.
70
What is the greatest common factor of 43 and 246046?
43
What is the greatest common factor of 7216 and 15826?
82
What is the greatest common divisor of 133700 and 308?
28
What is the greatest common divisor of 787136 and 896?
448
Calculate the greatest common factor of 7112 and 2921.
127
What is the greatest common divisor of 1914 and 170694?
174
Calculate the greatest common divisor of 168 and 424356.
12
What is the greatest common factor of 19602 and 220462?
242
What is the greatest common factor of 48 and 281216?
16
Calculate the highest common divisor of 73965 and 30.
15
What is the highest common divisor of 13 and 374881?
13
Calculate the greatest common divisor of 36135 and 27885.
165
What is the highest common divisor of 1342 and 19886?
122
Calculate the greatest common factor of 1050703 and 103.
103
What is the greatest common factor of 14004 and 144?
36
What is the highest common divisor of 768 and 194176?
128
Calculate the highest common divisor of 6235 and 109005.
215
What is the highest common factor of 860 and 44032?
172
Calculate the highest common divisor of 186174 and 63.
9
Calculate the highest common factor of 57 and 2641.
19
What is the highest common factor of 3364306 and 1364?
682
Calculate the greatest common factor of 32 and 438964.
4
What is the greatest common factor of 134 and 2470089?
67
What is the highest common divisor of 42502 and 149564?
538
What is the highest common factor of 1079 and 130891?
83
What is the highest common divisor of 20203 and 445?
89
What is the highest common divisor of 2244 and 30549?
51
Calculate the highest common divisor of 2397 and 12495.
51
What is the greatest common divisor of 63 and 13412?
7
What is the greatest common factor of 79713 and 18?
9
Calculate the greatest common divisor of 400230 and 70.
10
Calculate the greatest common factor of 74262 and 6.
6
What is the highest common factor of 140998 and 182?
26
Calculate the highest common factor of 44144 and 9345.
89
Calculate the highest common factor of 36 and 211833.
9
What is the greatest common factor of 24 and 931624?
8
What is the greatest common divisor of 4964 and 3066?
146
What is the highest common divisor of 76 and 5380?
4
Calculate the greatest common factor of 14660 and 220.
20
Calculate the greatest common divisor of 151040 and 105610.
590
Calculate the highest common factor of 22219 and 10540.
17
What is the highest common divisor of 92475 and 435?
15
Calculate the greatest common divisor of 8484 and 4984.
28
What is the greatest common divisor of 3094 